4*p - c. Let l be p - (-8 + 6 - (-2 + 3)). Calculate the greatest common divisor of 3 and l.
3
Suppose 404 = 11*u - 6*u - 3*i, 332 = 4*u + 2*i. Calculate the highest common divisor of 328 and u.
82
Let y = 94 - 64. Suppose 4*l = -4*i + 252, -3*i + 5*i - 303 = -5*l. Suppose 19 - l = -2*n. Calculate the highest common divisor of y and n.
10
Let p = 103 - 73. Let y be -1*(-6 - 3/(-3)). Suppose -2*r = 4*s - 3*r - 35, -y = s - 3*r. Calculate the highest common factor of s and p.
10
Suppose -6*f = 6 - 294. Let h be (f/40)/((-5)/(-150)). Suppose -25 = -5*o, 0 = -2*j - 0*j + o + 3. Calculate the highest common divisor of j and h.
4
Let h = 38 - 26. Let i be (-6)/(-2)*88/h. Let x = i + 8. Calculate the greatest common divisor of 75 and x.
15
Let j = -21 + 24. Suppose 7*w - 3*w - 31 = j*c, 2*w - 4*c - 8 = 0. Let d(u) = u - 4. Let x be d(w). What is the greatest common divisor of 42 and x?
6
Suppose 97 = 2*m + 3*p - 252, 884 = 5*m - 4*p. Calculate the greatest common divisor of m and 198.
22
Let y(c) = -9*c - 4*c + 18*c + 2. Let m be y(0). What is the highest common divisor of m and 2?
2
Let m(d) = -4*d**3 - 2*d**2 + 34*d + 107. Let a be m(-3). Calculate the greatest common divisor of 65 and a.
5
Suppose -12*b + 13*b - 6 = 0. Suppose 1 = -o + b. Calculate the highest common divisor of 40 and o.
5
Let u be (-6)/(-1) - (-2 - -1). Let i be 124/u + (-2)/(-7). Suppose 5*q = 383 - 23. What is the highest common divisor of i and q?
18
Let u(s) = 1 + 3*s - 9*s + s**2 + 2. Let q be u(6). Suppose -2*o + 86 = y - 0*o, 9 = q*o. What is the greatest common divisor of y and 32?
16
Suppose 3*p - 80 = -2*p + 5*r, 12 = -3*r. Let z = 34 - p. Calculate the greatest common factor of 198 and z.
22
Let j be (84/16)/(3/(-48)). Let t be (j/(-15))/((-6)/(-15)). Suppose -46 - t = -6*x. What is the greatest common divisor of x and 10?
10
Suppose 29*o - 15*o - 252 = 0. Suppose 0 = 3*r - 321 - 273. Calculate the highest common factor of o and r.
18
Suppose 5 = a, -3*a + 116 = -2*j - 49. Let i = j - -129. What is the greatest common factor of i and 81?
27
Let u be 5/(1*6/18). Calculate the highest common factor of 255 and u.
15
Let l be ((-3245)/110)/(2/(-52)). Calculate the highest common factor of l and 13.
13
Suppose 1402 = 2*n + 960. Calculate the greatest common divisor of n and 117.
13
Let w(c) = -1. Let s(r) = -r + 32. Let m(z) = s(z) - 2*w(z). Let o be m(-11). What is the greatest common divisor of o and 5?
5
Suppose -25*a - 89 = -864. What is the highest common factor of a and 1?
1
Let q(p) = -p**3 - 54*p**2 + 7*p + 481. Let j be q(-54). Calculate the greatest common factor of j and 515.
103
Let s(l) = l**3 - 5*l**2 - 41*l + 239. Let b be s(7). What is the highest common factor of b and 210?
10
Let c(g) = 2*g + 18. Let m be c(11). Suppose -4*p + 18 = o - 62, o + 80 = 4*p. What is the highest common factor of m and p?
20
Suppose 11*c = -9*c + 16500. Calculate the greatest common factor of 33 and c.
33
Let m = -242 - -245. Calculate the greatest common factor of m and 69.
3
Let t(l) = l**2. Let p(j) = -j. Let s(d) = 6*p(d) + t(d). Let m be (-42)/9 - (-2)/(-6). Let g be s(m). Calculate the highest common divisor of g and 11.
11
Let b be (-130 + 1)/((-2)/4). What is the highest common divisor of 6 and b?
6
Suppose b - 3*r = 43, b - 89 = -3*r - 28. What is the greatest common factor of b and 12?
4
Suppose 0 = 106*o - 112*o + 3696. What is the greatest common factor of 28 and o?
28
Suppose -2*q + 0*q = -30. Suppose 5*x = q - 0. Suppose -y + 21 = 3*f, -y = -0*y + f - 13. Calculate the highest common factor of y and x.
3
Let o = 17 + 7. Suppose m + 5*q - 11 = o, -6 = 3*q. Calculate the highest common divisor of m and 9.
9
Suppose -u - 23 = -p, 6*p - 3*u = 4*p + 51. Let r = -43 + 79. Calculate the highest common factor of p and r.
18
Let l be 4 + -3 + (57 - 0). Suppose -2*s + l = 14. Let c(t) = 12*t - 1. Let y be c(1). Calculate the greatest common factor of s and y.
11
Let a(u) = -u**2 + 15*u - 32. Let f be a(9). What is the highest common factor of f and 110?
22
Let i = 466 + -374. What is the greatest common factor of i and 69?
23
Let v be (5 + -3)*11/((-44)/(-72)). Calculate the greatest common divisor of v and 243.
9
Let a be 1 + -9 + 2250/50. Calculate the greatest common divisor of 259 and a.
37
Let w = -1684 + 1692. What is the greatest common factor of w and 19?
1
Let d = -20 + 30. Suppose z + 4*w - 35 = 0, 3*w + 2 = z - 5. Suppose 4*x - 90 = -5*v, 5*v + z + 71 = 5*x. What is the highest common factor of d and x?
10
Let y = 58 + -25. Let n be ((-20)/50 - 6/10)*1. Let i be 7/7 + (n - -11)*1. What is the highest common divisor of y and i?
11
Let o(v) = v**2 + 2. Let r be o(0). Let d(j) = 92*j - 2. Let f be d(r). What is the greatest common divisor of 26 and f?
26
Let p(j) = 20*j - 28. Let g be p(3). Calculate the highest common factor of 992 and g.
32
Let d = 238 - 216. Calculate the highest common factor of 550 and d.
22
Suppose 4*r = -0*r + 5*m + 59, 4*r = -2*m + 94. Calculate the greatest common factor of r and 336.
21
Suppose -29 = t - 117. What is the highest common divisor of t and 22?
22
Let i(o) = 3*o**2 + 8*o - 5. Let a be i(5). Suppose 52*v = 48*v + 88. What is the greatest common factor of a and v?
22
Let w = -74 + 42. Let p be (-16)/w*3*8/6. What is the greatest common factor of 18 and p?
2
Suppose 2*o = -c + 2*c + 19, 2*c = -4*o + 34. Let s = 12 - o. Calculate the greatest common divisor of s and 9.
3
Let u(j) = -j**2 - j + 3. Let g be u(0). Let i be (g + -1)*2/4. Suppose 3*b - 11 - i = 2*r, b - 3*r = 4. Calculate the highest common divisor of 36 and b.
4
Let d(o) = 3 + o + 4 + 5*o**2 - 1 - o**3. Let l be d(5). Suppose 3*z + 202 = 565. What is the greatest common factor of l and z?
11
Let w(k) = k**3 - 5*k**2 - 11*k + 23. Let t be w(7). What is the highest common divisor of 12 and t?
4
Suppose 2*t - 4*t - 8 = 0, 160 = q + 2*t. Let c = q + -160. What is the greatest common factor of c and 24?
8
Let t = 40 - -9. Suppose 5*k = -4 + t. What is the greatest common divisor of k and 3?
3
Let d be (-659)/(-4) + (-4)/(-16). Suppose -5*u - 4*l + 95 = 0, 10 = -l + 3*l. What is the greatest common factor of u and d?
15
Let z be ((2 - 2)/(-3) - 1)*-20. Let b be (24/48)/(1/60). Calculate the highest common factor of z and b.
10
Let o(u) = -10*u. Let a be o(-1). Let w = 31 - -45. Let y = w - 16. What is the highest common divisor of a and y?
10
Let t(d) = -4*d**3 - 20*d**2 - 93*d. Let z be t(-7). Calculate the highest common factor of z and 7.
7
Let p be 2212/21 - (12/9 + -1). Calculate the greatest common divisor of 140 and p.
35
Suppose 2 = y - 10. Suppose 7*a = 480 - 270. What is the greatest common factor of y and a?
6
Let f(r) = -91*r + 829. Let w be f(7). Let k(u) = u + 6. Let n be k(6). What is the greatest common divisor of n and w?
12
Let v = -72 - -59. Let o = v + 16. What is the highest common factor of 18 and o?
3
Suppose 4 = 2*f - 0. Suppose -24 = -f*j - p - 3*p, -18 = -4*j - 2*p. Suppose 4*h = g + 10, h - 12 = -j*h. What is the greatest common divisor of g and 1?
1
Let z = 194 + -189. Suppose 2*a = -4*h + 59 - 159, -3*h + 3*a - 75 = 0. Let w = z - h. What is the highest common factor of w and 20?
10
Let r be ((-112)/40)/(46/(-15) - -3). Let s be -2*(-1)/(-1) - -107. What is the highest common factor of s and r?
21
Let w be 177/7 - (-6)/(-21). Suppose -3*o - o = -12. Suppose -q + 35 = o*x, -3*q = -3*x - 0*x + 15. Calculate the greatest common divisor of w and x.
5
Suppose -b = 0, 4*s = -0*s + b - 20. Let h = s + 25. Calculate the greatest common factor of h and 100.
20
Let j(i) = -2*i**3 - 3*i**2 + 2*i + 4. Let f be j(3). Let a = f - -119. Let k be a/(-18)*(-6)/1. Calculate the highest common divisor of k and 8.
8
Let x be (-1 - -1)*(-10)/20. Suppose 2*l = -0*m - 5*m + 47, 3*l - 3 = x. Suppose m*b - 4*b - 160 = 0. What is the greatest common factor of 4 and b?
4
Let o = -35 + -104. Let l = -121 - o. Calculate the highest common divisor of l and 27.
9
Let t(s) = 6*s + 44. Let u be t(-7). What is the highest common divisor of 50 and u?
2
Suppose -5*a = c + 2*c - 350, -a + 4 = 0. Let g be (-83)/(-8) + (-90)/(-16) + -6. Calculate the greatest common divisor of c and g.
10
Suppose 2*a = -4 + 6. Let n = 3 - a. Suppose s = n*t - 37, 3*s + 3 = 18. Calculate the greates